 4*h + 1 = 17. Let t be 3/1 - 1*-2. Let x(q) = t*q + 2*q - 3 - q**2 - q. What is x(h)?
5
Suppose 4*v + 1 = 5. Let l(z) = -4 + z - 3 + 10*z - 7*z**2. Let a(p) = -10*p**2 + 16*p - 10. Let r(g) = -5*a(g) + 7*l(g). Determine r(v).
-1
Let b(x) be the third derivative of -x**4/12 + x**3 + 18*x**2. What is b(5)?
-4
Let p(w) = -w**3 - w**2. Let z be p(-2). Let m be (-2 - (-6)/z)*10. Let g(s) = s**3 + 6*s**2 + 7*s + 7. Determine g(m).
-3
Let o(t) = 4*t**2 + t. Let i be o(1). Suppose -b = -6*b - i. Let d(y) = 6*y**3 + 0 + 4 - y**2 - 3. What is d(b)?
-6
Let g(v) = 9*v**2 - v + 1. Suppose -5*n - 3*r + 10 = -n, 3*n - 1 = r. What is g(n)?
9
Suppose 0 = b + 2*b + 6. Let j(z) = -z**2 - 5*z - 1. Give j(b).
5
Let r be (8 + 4)/6*5/2. Let h(i) = -i**3 + 7*i**2 - 6*i - 4. Give h(r).
16
Let n(x) = -x + 4. Let u = 13 - 13. Let h be u*(-1)/2*2. Calculate n(h).
4
Let b(x) = -5*x + 2. Let k(f) = -4*f + 1. Let z(w) = -5*b(w) + 6*k(w). Determine z(8).
4
Let y(p) = -4*p**3 + 3*p**2 + 2*p + 8. Let c(h) = 0*h + h**3 - h + 2*h**3 + 0 - 9 - 2*h**2. Let t(x) = 3*c(x) + 2*y(x). Give t(0).
-11
Let b be (2 - 1)/1 - 6. Let d(x) be the second derivative of -5/2*x**2 - 3*x + 0 - 1/6*x**3. Determine d(b).
0
Suppose -5*v = 3*f - v + 31, 3*v + 37 = -5*f. Let k(z) = -z**3 - 6*z**2 - 4*z - 1. Calculate k(f).
-6
Suppose -3*r = -2*z - 9, 0*r - r = -5*z + 10. Let n(c) = 6*c**3 - 3*c**3 - c**3 + 6*c**2 - 7*c - 3*c**z + 6. Determine n(5).
-4
Let q(z) be the third derivative of -z**4/12 + z**3/2 - 3*z**2. Calculate q(2).
-1
Let k(j) be the first derivative of j**4/4 + j**3/3 - 2*j**2 - 4*j - 2. What is k(-3)?
-10
Let j(r) be the third derivative of -r**6/120 + r**4/24 - 6*r**2. Give j(2).
-6
Let l(s) = 2*s**2 - 5*s + 1. Let u(x) = -5*x**2 + 15*x - 3. Let t(i) = -8*l(i) - 3*u(i). Determine t(-4).
5
Let k be 2 - 2 - 4/1. Let f(y) be the first derivative of y**4/4 + 5*y**3/3 + y**2 + 3. Give f(k).
8
Let i = 8 - 5. Let z = -8 + i. Let a(w) = -5*w**2 + 3 + 2 - 5*w - 4 - w**3 - w**2. What is a(z)?
1
Suppose -4 = -n + 5*n + 5*r, 4*r = n - 20. Let i(p) = -n*p**2 - p**3 + 10 - 5 + 6*p - 6. Give i(-5).
-6
Suppose 5*b - 3*b = 5*q - 8, 5*b + 55 = -5*q. Let d(n) = n**2 + 9*n - 4. Calculate d(b).
-4
Suppose -3*u - 20 + 7 = -4*w, -13 = 4*u - w. Let a(k) be the second derivative of k**5/20 + k**4/3 + k**3/2 - 2*k**2 + k. Give a(u).
-4
Let o(q) = -q + 8. Suppose -2*m + 2*x + 8 = 0, 3*m - 4*x = -2*x + 14. Calculate o(m).
2
Let v = -8 + 12. Let h(u) = 0*u - 16*u**2 + 21 + 13*u**3 - u - 4*u + 0. Let t(a) = -3*a**3 + 4*a**2 + a - 5. Let d(o) = 2*h(o) + 9*t(o). What is d(v)?
-7
Let t(u) = -u**3 + 7*u**2 - 3*u - 15. Let z be t(6). Let q(j) be the first derivative of j**3/3 - 3*j**2/2 - 3*j - 2. Determine q(z).
-3
Let x(p) = 2*p**2 + 0*p**2 + 3 - 4 + 9*p**3. Let g = -3 + 5. Suppose -n = -g*n - 1. What is x(n)?
-8
Let r(z) = -6*z - 7 + 0*z + z**2 + 0*z + 2*z. Determine r(7).
14
Let f(p) be the second derivative of -2*p**4/3 + p**3/3 - p**2/2 - 5*p. Determine f(1).
-7
Let v(l) = -9*l**3 - l + 1. Suppose f = 2*z + 1, -z + 0 = -2*f + 2. Calculate v(f).
-9
Let b(o) = o - 2*o**3 + 3*o**2 + 0*o**2 + o**3 - o**2. Calculate b(3).
-6
Suppose x = 5*x - 24. Let u be (x/(-9))/(2/(-9)). Let y(z) = 6 + u*z - 4 - 3. Calculate y(2).
5
Let u(l) be the second derivative of l**6/180 - l**5/120 + l**4/12 + l. Let q(s) be the third derivative of u(s). Let n be 2 + (1 - 1) + -3. What is q(n)?
-5
Let j(z) = -z**3 - 9*z**2 + 8*z. Suppose -5*h - 5*l - 57 = 8, l + 23 = -2*h. Determine j(h).
20
Let v(x) = -x**2 - 2 - 4*x - 7 + 9. Give v(-4).
0
Let l = -27 + 25. Let v be -2 + 3 - (-18)/l. Let o(f) = -f**2 - 10*f - 11. Determine o(v).
5
Suppose f - 3 = -3*y + 4*y, 5*f = 2*y. Let w(h) = 3*h + 2. Let x(k) = -4*k - 3. Let g(r) = -5*w(r) - 4*x(r). Calculate g(f).
0
Let y(m) = -m**3 - 6*m**2 - 5*m + 2. Let x be y(-5). Let q(b) = -13*b**2 + 0*b + 2 - 2*b + 12*b**x. Determine q(-3).
-1
Let u(j) = -163*j**2 - 4*j**3 + 3*j**3 + 9*j + 170*j**2 - 7. What is u(8)?
1
Let g = -111/2 + 56. Let s(u) be the first derivative of 2 + 0*u + g*u**2. Give s(-5).
-5
Let g(w) = 4*w**2 + 0*w + 0*w + 2 - 2*w - w**3. Suppose 203*n = 202*n + 3. Give g(n).
5
Let j(t) = -4*t + 2*t + t**3 + 3*t + 7*t**2 - 6 - 2*t. Give j(-7).
1
Let c be (-30)/(-4) + 2/(-4). Let y = c + -10. Let u(n) be the third derivative of n**6/120 + n**5/30 - n**4/6 - n**3/2 + n**2. Give u(y).
0
Let r(x) be the first derivative of -x**4/4 - 7*x**3/3 - x**2/2 - 3*x + 1. Determine r(-7).
4
Let x(s) = -s - 1. Let u(r) = -r**2 - 5*r - 24. Let l(o) = -u(o) + 5*x(o). Calculate l(0).
19
Let n = -14 + 14. Let m(p) = -p**3 - p**2 - p + 2. Determine m(n).
2
Let v(l) be the second derivative of l**5/20 - l**4/2 + l**3/6 - 3*l**2/2 + l. Let d = -10 - -13. Let y(k) = -k**3 + 4*k**2 - k. Let q be y(d). Calculate v(q).
3
Suppose -2*x + b = -3, 5*x - b - 8 = 2*b. Let l(k) = -5*k**2 + 1. What is l(x)?
-4
Let y(t) = t + 2. Let i(w) be the second derivative of w**5/20 + w**4/4 + w**3/3 + w**2 - w. Let m be i(-3). What is y(m)?
-2
Let i(b) be the third derivative of -b**4/24 + b**3/2 - 18*b**2. Calculate i(3).
0
Let d be ((-2)/2)/(1/3). Let x = 5 + -3. Let c(b) = 4 - b**3 + b + 3*b - 5 - x*b**2. What is c(d)?
-4
Let t(a) be the second derivative of -a**7/2520 + a**6/720 + a**5/120 + a**4/12 + 2*a. Let q(w) be the third derivative of t(w). Give q(-1).
-1
Let g(k) = k**3 - 9*k**2 - 10*k + 4. Let f be g(10). Let o = f - -1. Let r(z) = -42*z. Let y(c) = -12*c. Let u(v) = o*r(v) - 18*y(v). What is u(1)?
6
Let y be -15*((-4)/(-12))/(-1). Let n = 6 - y. Let k(q) = -15*q**3 + q**2. Determine k(n).
-14
Let i(s) = -s + 5. Suppose -c - 10 = -6. Determine i(c).
9
Let r(n) = -n**3 + 5*n**2 - 2*n + 3. Let m be ((-27)/6)/(3/(-18)). Suppose -2*b = -3*j + b + m, 5*j + b - 21 = 0. Calculate r(j).
-7
Let h(y) be the second derivative of -y**3/6 + 3*y**2/2 + 4*y. Give h(8).
-5
Let n be 52/18 - 6/(-54). Let m(w) = 8*w - 4*w**2 + 13*w**2 - 8*w**2 + n. What is m(-7)?
-4
Let s be 10/(-3)*(-6)/(-5). Let a(c) = -5 + 2*c - 3*c + 4*c + c**2. Determine a(s).
-1
Let b(y) = -y**2 - 5*y. Suppose 3*r = 2*p + 5 + 4, -4*p = 0. Suppose -t + 2*t = -r. Give b(t).
6
Let v(i) = -3*i + 1. Let d be (-28)/(-12) - (-2)/3. Let t(m) = -3*m**d + 3*m - 4*m + 2*m. Let o be t(1). Determine v(o).
7
Let h(w) = 5*w**3 - 8*w**2 + 8*w - 6. Let o(p) = 4*p**3 - 7*p**2 + 7*p - 5. Let j(y) = -3*h(y) + 4*o(y). What is j(4)?
14
Let q(j) = 0 + j - 2*j + j**2 - 2. Let v be q(2). Let g(n) = -n**2 - 5. Give g(v).
-5
Suppose 2 = -2*y - 2. Let f(x) = -2*x - 3. Calculate f(y).
1
Suppose 7*b - 4*b - 54 = 0. Let w = -22 + b. Let l(s) = -s**2 - 5*s + 1. Determine l(w).
5
Let j be (-2 - -3)/(-1) + -1. Let t(d) = -2*d - 13. Let n(k) = k + 4. Let z(r) = -7*n(r) - 2*t(r). Give z(j).
4
Let w(b) be the first derivative of 1/12*b**4 + 1/6*b**3 - b**2 - 1 - b + 1/20*b**5. Let p(k) be the first derivative of w(k). Calculate p(-2).
-8
Let z be (6/(-9))/(1/(-6)). Suppose 6*f - 12 = z*f. Let u be 2/f - 4/12. Let p(m) = -m**2 + m - 1. Determine p(u).
-1
Let c(h) = h**3 + 5*h**2 + 4*h - 2. Let m(k) = -7*k + 3. Let j be m(1). What is c(j)?
-2
Let d(j) be the first derivative of j**3/6 - j**2/2 + 3*j + 2. Let c(u) be the first derivative of d(u). Give c(5).
4
Let s be (-2)/9 + (-64)/36. Let g(m) be the third derivative of m**6/60 + m**5/15 + m**4/12 + m**2. Determine g(s).
-4
Let j be 3/(72/(-147)) - (-2)/16. Let w(b) = -b**3 - 5*b**2 + 4*b - 3. What is w(j)?
9
Let x(o) = o**2 + o. Let c(b) = -4*b**2 - 13*b + 9. Let n(w) = -c(w) - 5*x(w). Determine n(6).
3
Let h(p) = p**3 + 8*p**2 - 2*p - 7. Let j = 34 + -42. Determine h(j).
9
Let k(h) be the second derivative of h**4/12 - h**3 + 2*h**2 - h. Let s be (5/(-2))/((-1)/2). What is k(s)?
-1
Let g(j) be the first derivative of j**2/2 - 2*j - 6. Calculate g(5).
3
Let w(i) = 6*i - 2. Let g(s) = -3*s + 1. Let m(t) = 5*g(t) + 2*w(t). What is m(1)?
-2
Let a(t) = 4*t - 3. Let i(j) = 4*j - 4. Let l(p) = -p + 3. Let k be l(6). Let w(g) = k*a(g) + 2*i(g). Give w(-2).
9
Let r(y) = -y**2 + 2*y + 2. Let z(t) = t**2 - t - 3. Let c(h) = -4*r(h) - 3*z(h). Suppose 6*x = 3*x + 15. Calculate c(x).
1
Let p(c) = -7 - 6*c + 3*c - 4*c + 4*c**2 - 5*c**2. Determine p(-5).
3
Let x = 3 + -4. Let v(f) = -13*f. Let u(k) be the second derivative of k**3/2 + 6*k. Let m(i) = 9*u(i) + 2*v(i). C